{"id":1050,"date":"2019-03-05T15:47:08","date_gmt":"2019-03-05T14:47:08","guid":{"rendered":"http:\/\/shop.dasfritz.at\/?page_id=1050"},"modified":"2019-03-05T16:52:42","modified_gmt":"2019-03-05T15:52:42","slug":"impressum","status":"publish","type":"page","link":"https:\/\/shop.dasfritz.at\/index.php\/impressum\/","title":{"rendered":"Impressum"},"content":{"rendered":"<p>PT Errichtungs- und Betriebs GesmbH<br>Seebad 1<br>7121 Weiden am See<\/p><p>Firmenbuchnummer: FN 446924 t<\/p><p>Design &amp; Programmierung:&nbsp;<a href=\"https:\/\/contemas.net\/\" target=\"_blank\" rel=\"noreferrer noopener\">Agentur #clicksgef\u00fchle<\/a><\/p><p>Fotos:<br>Alex&nbsp;Lang |&nbsp;<a href=\"javascript:linkTo_UnCryptMailto('ocknvq,jgnnqBcngzncpirjqvq0eqo');\">hello(at)alexlangphoto.com<\/a><br>Sabine Jackson |&nbsp;<a href=\"http:\/\/www.sabinejackson.com\/\" target=\"_blank\" rel=\"noreferrer noopener\">www.sabinejackson.com<\/a><br>Michaela Brandl |&nbsp;<a href=\"http:\/\/www.brandlmedien.at\/\" target=\"_blank\" rel=\"noreferrer noopener\">www.brandlmedien.at<\/a><\/p><div class=\"wp-block-cover has-background-dim-60 has-very-dark-gray-background-color has-background-dim has-parallax has-undefined-content alignfull is-layout-flow wp-block-cover-is-layout-flow\" style=\"background-image:url(http:\/\/shop.dasfritz.at\/wp-content\/uploads\/2019\/03\/csm_dasFritz_front-fisheye_39dc36f268-1024x680.jpg)\"><p class=\"wp-block-cover-text\"> <br>Montag bis Sonntag<br>  <br>Fritz am Morgen (Fr\u00fchst\u00fcck)<br>09:00 &#8211; 11:00 Uhr<br>Mittagsmen\u00fc an Werktagen:<br>11:30 &#8211; 14:00 Uhr<br>Restaurant:<br>bis 22:00 Uhr <br><br> <br>we hope to see you soon!<br><a rel=\"noreferrer noopener\" href=\"https:\/\/www.facebook.com\/dasfritzamsee\/\" target=\"_blank\">facebook<\/a><a rel=\"noreferrer noopener\" href=\"https:\/\/www.instagram.com\/das_fritz\/\" target=\"_blank\">instagram<\/a><a href=\"javascript:linkTo_UnCryptMailto('ocknvq,kphqBfcuhtkvb0cv');\">info(at)dasfritz.at<\/a>\u00a0\/\u00a0<a href=\"tel:+43216740222\">+432167\/40222<\/a> <\/p><\/div>","protected":false},"excerpt":{"rendered":"<p>PT Errichtungs- und Betriebs GesmbHSeebad 17121 Weiden am See Firmenbuchnummer: FN 446924 t Design &amp; Programmierung:&nbsp;Agentur #clicksgef\u00fchle Fotos:Alex&nbsp;Lang |&nbsp;hello(at)alexlangphoto.comSabine Jackson |&nbsp;www.sabinejackson.comMichaela Brandl |&nbsp;www.brandlmedien.at<\/p>\n","protected":false},"author":8,"featured_media":0,"parent":0,"menu_order":0,"comment_status":"closed","ping_status":"closed","template":"","meta":{"footnotes":""},"class_list":["post-1050","page","type-page","status-publish","hentry"],"_links":{"self":[{"href":"https:\/\/shop.dasfritz.at\/index.php\/wp-json\/wp\/v2\/pages\/1050","targetHints":{"allow":["GET"]}}],"collection":[{"href":"https:\/\/shop.dasfritz.at\/index.php\/wp-json\/wp\/v2\/pages"}],"about":[{"href":"https:\/\/shop.dasfritz.at\/index.php\/wp-json\/wp\/v2\/types\/page"}],"author":[{"embeddable":true,"href":"https:\/\/shop.dasfritz.at\/index.php\/wp-json\/wp\/v2\/users\/8"}],"replies":[{"embeddable":true,"href":"https:\/\/shop.dasfritz.at\/index.php\/wp-json\/wp\/v2\/comments?post=1050"}],"version-history":[{"count":7,"href":"https:\/\/shop.dasfritz.at\/index.php\/wp-json\/wp\/v2\/pages\/1050\/revisions"}],"predecessor-version":[{"id":1078,"href":"https:\/\/shop.dasfritz.at\/index.php\/wp-json\/wp\/v2\/pages\/1050\/revisions\/1078"}],"wp:attachment":[{"href":"https:\/\/shop.dasfritz.at\/index.php\/wp-json\/wp\/v2\/media?parent=1050"}],"curies":[{"name":"wp","href":"https:\/\/api.w.org\/{rel}","templated":true}]}}